1534063.
15
What is the remainder when 859847 is divided by 214949?
51
Calculate the remainder when 346962 is divided by 488.
482
Calculate the remainder when 404118 is divided by 2680.
2118
Calculate the remainder when 284716605 is divided by 352.
349
What is the remainder when 758299 is divided by 21?
10
What is the remainder when 5722529 is divided by 2330?
49
What is the remainder when 130115 is divided by 443?
316
What is the remainder when 246837 is divided by 218?
61
Calculate the remainder when 916741 is divided by 734.
709
Calculate the remainder when 1364800 is divided by 275.
250
Calculate the remainder when 8559572 is divided by 36.
32
What is the remainder when 791767 is divided by 28276?
39
What is the remainder when 1503051 is divided by 1986?
1635
What is the remainder when 263746 is divided by 4808?
4114
What is the remainder when 1285475815 is divided by 20?
15
Calculate the remainder when 1148546 is divided by 26.
22
Calculate the remainder when 73388501 is divided by 28.
25
What is the remainder when 89930 is divided by 7170?
3890
Calculate the remainder when 976270 is divided by 9387.
22
What is the remainder when 4500914 is divided by 118443?
80
Calculate the remainder when 2347574 is divided by 7071.
2
Calculate the remainder when 247692 is divided by 849.
633
What is the remainder when 108205583 is divided by 20420?
3
Calculate the remainder when 782652 is divided by 27.
3
What is the remainder when 85114 is divided by 14182?
22
What is the remainder when 178190 is divided by 376?
342
Calculate the remainder when 20541 is divided by 1283.
13
Calculate the remainder when 951847 is divided by 462.
127
Calculate the remainder when 28014254 is divided by 91.
86
What is the remainder when 26921630 is divided by 620?
610
Calculate the remainder when 61277881 is divided by 1331.
1303
Calculate the remainder when 14126254 is divided by 243556.
6
What is the remainder when 224011 is divided by 4409?
3561
What is the remainder when 2834839 is divided by 944934?
37
Calculate the remainder when 1370969 is divided by 15489.
7937
What is the remainder when 3558606 is divided by 1779302?
2
What is the remainder when 14699734 is divided by 72?
70
Calculate the remainder when 22963302 is divided by 883.
4
What is the remainder when 3184555 is divided by 21?
10
Calculate the remainder when 208887 is divided by 109.
43
Calculate the remainder when 10424699 is divided by 90.
89
Calculate the remainder when 21213 is divided by 1174.
81
Calculate the remainder when 794330 is divided by 52951.
65
Calculate the remainder when 36647012 is divided by 1305.
2
Calculate the remainder when 4569603 is divided by 4311.
4254
Calculate the remainder when 2838538 is divided by 88.
10
What is the remainder when 4662583 is divided by 279?
214
What is the remainder when 1619569 is divided by 192?
49
Calculate the remainder when 14338208 is divided by 14601.
26
What is the remainder when 1454445 is divided by 8553?
435
What is the remainder when 2019759 is divided by 129?
6
Calculate the remainder when 26298833 is divided by 105.
8
What is the remainder when 1064666 is divided by 348?
134
What is the remainder when 9594 is divided by 9341?
253
What is the remainder when 1300914 is divided by 39420?
54
Calculate the remainder when 978967 is divided by 3013.
2755
Calculate the remainder when 796181 is divided by 25680.
101
Calculate the remainder when 6589808 is divided by 823712.
112
Calculate the remainder when 258172 is divided by 85984.
220
What is the remainder when 21996 is divided by 3635?
186
Calculate the remainder when 153982564 is divided by 2843.
2841
Calculate the remainder when 58692 is divided by 1951.
162
Calculate the remainder when 400185 is divided by 338.
331
What is the remainder when 1354968402 is divided by 14805?
14802
Calculate the remainder when 4117 is divided by 86.
75
What is the remainder when 1890493 is divided by 945230?
33
What is the remainder when 6285489 is divided by 52379?
9
Calculate the remainder when 311935 is divided by 785.
290
What is the remainder when 9616951 is divided by 13?
6
What is the remainder when 43053871 is divided by 27?
22
Calculate the remainder when 7420199 is divided by 32122.
17
Calculate the remainder when 1301903 is divided by 650951.
1
What is the remainder when 80591 is divided by 20134?
55
Calculate the remainder when 40674243 is divided by 116880.
3
Calculate the remainder when 19381301 is divided by 151.
149
What is the remainder when 1587445 is divided by 557?
552
What is the remainder when 40190847 is divided by 61548?
3
What is the remainder when 43269207 is divided by 544?
535
What is the remainder when 306953435 is divided by 6?
5
What is the remainder when 20483 is divided by 726?
155
What is the remainder when 58246 is divided by 19390?
76
Calculate the remainder when 148329 is divided by 5301.
5202
Calculate the remainder when 1346 is divided by 419.
89
Calculate the remainder when 839281 is divided by 1134.
121
What is the remainder when 76388 is divided by 3263?
1339
What is the remainder when 22311191 is divided by 3797?
19
What is the remainder when 86735 is divided by 525?
110
What is the remainder when 2000258 is divided by 2000252?
6
Calculate the remainder when 43393 is divided by 3512.
1249
What is the remainder when 764491 is divided by 780?
91
Calculate the remainder when 1394105 is divided by 139397.
135
Calculate the remainder when 201080 is divided by 182.
152
What is the remainder when 895809 is divided by 3446?
3295
Calculate the remainder when 80107 is divided by 1903.
181
What is the remainder when 16517 is divided by 1980?
677
What is the remainder when 34744164 is divided by 60111?
6
Calculate the remainder when 63817012 is divided by 139.
27
What is the remainder when 19757370 is divided by 581099?
4
What is the remainder when 2211911 is divided by 17983?
2
What is the remainder when 2117968 is divided by 60513?
13
What is the remainder when 345118 is divided by 345064?
54
What is the remainder when 114320 is divided by 542?
500
Calculate the remainder when 1835 is divided by 1347.
488
What is the remainder when 2656135 is divided by 75888?
55
What is the remainder when 33396827 is divided by 39?
35
Calculate the remainder when 50472 is divided by 625.
472
Calculate the remainder when 878327 is divided by 607.
605
What is the remainder when 5431239 is divided by 83?
51
Calculate the remainder when 18064442 is divided by 29.
23
What is the remainder when 1602216 is divided by 534070?
6
What is the remainder when 246554458 is divided by 82?
56
Calculate the remainder when 975863 is divided by 43.
21
What is the remainder when 91231 is divided by 918?
349
Calculate the remainder when 167941 is divided by 20992.
5
What is the remainder when 1885050 is divided by 2950?
0
Calculate the remainder when 15093007 is divided by 31.
6
Calculate the remainder when 14264512 is divided by 2448.
16
Calculate the remainder when 202722 is divided by 176.
146
What is the remainder when 2074393 is divided by 19?
11
What is the remainder when 6564050 is divided by 2611?
2607
Calculate the remainder when 450007 is divided by 89971.
152
What is the remainder when 63076 is divided by 10482?
184
Calculate the remainder when 7286593 is divided by 957.
952
What is the remainder when 708556 is divided by 2634?
10
What is the remainder when 60518 is divided by 177?
161
Calculate the remainder when 18120513 is divided by 2395.
2338
Calculate the remainder when 82035 is divided by 4412.
2619
Calculate the remainder when 79407 is divided by 3446.
149
Calculate the remainder when 5336562 is divided by 9497.
8745
Calculate the remainder when 31040122 is divided by 32.
26
Calculate the remainder when 1377896 is divided by 1295.
16
What is the remainder when 653505 is divided by 961?
25
What is the remainder when 2937560 is divided by 127719?
23
Calculate the remainder when 791187476 is divided by 360.
356
What is the remainder when 2724308 is divided by 16510?
158
Calculate the remainder when 12481164 is divided by 5.
4
Calculate the remainder when 7329403 is divided by 90486.
37
Calculate the remainder when 41432173 is divided by 76.
13
Calculate the remainder when 683487 is divided by 158.
